{"id":15,"date":"2022-02-15T16:42:09","date_gmt":"2022-02-15T13:42:09","guid":{"rendered":"https:\/\/omeruz.com\/?page_id=15"},"modified":"2023-08-03T15:20:02","modified_gmt":"2023-08-03T12:20:02","slug":"testimonials","status":"publish","type":"page","link":"https:\/\/omeruz.com\/eng\/testimonials\/","title":{"rendered":"Testimonials"},"content":{"rendered":"<p>[vc_row][vc_column][vc_custom_heading text=&#8221;<b>Comment Us!<\/b>&#8221; use_theme_fonts=&#8221;yes&#8221; el_class=&#8221;shorter&#8221;][vc_empty_space height=&#8221;12px&#8221;]\n<div class=\"wpcf7 no-js\" id=\"wpcf7-f410-o1\" lang=\"en-US\" dir=\"ltr\" data-wpcf7-id=\"410\">\n<div class=\"screen-reader-response\"><p role=\"status\" aria-live=\"polite\" aria-atomic=\"true\"><\/p> <ul><\/ul><\/div>\n<form action=\"\/eng\/wp-json\/wp\/v2\/pages\/15#wpcf7-f410-o1\" method=\"post\" class=\"wpcf7-form init\" aria-label=\"Contact form\" novalidate=\"novalidate\" data-status=\"init\">\n<fieldset class=\"hidden-fields-container\"><input type=\"hidden\" name=\"_wpcf7\" value=\"410\" \/><input type=\"hidden\" name=\"_wpcf7_version\" value=\"6.1.2\" \/><input type=\"hidden\" name=\"_wpcf7_locale\" value=\"en_US\" \/><input type=\"hidden\" name=\"_wpcf7_unit_tag\" value=\"wpcf7-f410-o1\" \/><input type=\"hidden\" name=\"_wpcf7_container_post\" value=\"0\" \/><input type=\"hidden\" name=\"_wpcf7_posted_data_hash\" value=\"\" \/>\n<\/fieldset>\n<div class=\"row\">\n\t<div class=\"col-md-6\">\n\t\t<div class=\"form-group\">\n\t\t\t<p><label for=\"contact-name\">Name Surname*<\/label><br \/>\n<span class=\"wpcf7-form-control-wrap\" data-name=\"your-name\"><input size=\"40\" maxlength=\"400\" class=\"wpcf7-form-control wpcf7-text wpcf7-validates-as-required form-control\" id=\"contact-name\" aria-required=\"true\" aria-invalid=\"false\" value=\"\" type=\"text\" name=\"your-name\" \/><\/span>\n\t\t\t<\/p>\n\t\t<\/div>\n\t<\/div>\n\t<div class=\"col-md-6\">\n\t\t<div class=\"form-group\">\n\t\t\t<p><label for=\"contact-email\">E-mail*<\/label><br \/>\n<span class=\"wpcf7-form-control-wrap\" data-name=\"your-email\"><input size=\"40\" maxlength=\"400\" class=\"wpcf7-form-control wpcf7-email wpcf7-validates-as-required wpcf7-text wpcf7-validates-as-email form-control\" id=\"contact-email\" aria-required=\"true\" aria-invalid=\"false\" value=\"\" type=\"email\" name=\"your-email\" \/><\/span>\n\t\t\t<\/p>\n\t\t<\/div>\n\t<\/div>\n\t<div class=\"col-md-12\">\n\t\t<div class=\"form-group\">\n\t\t\t<p><label for=\"contact-message\">Comment*<\/label><br \/>\n<span class=\"wpcf7-form-control-wrap\" data-name=\"your-message\"><textarea cols=\"40\" rows=\"10\" maxlength=\"2000\" class=\"wpcf7-form-control wpcf7-textarea form-control\" id=\"contact-message\" aria-invalid=\"false\" name=\"your-message\"><\/textarea><\/span>\n\t\t\t<\/p>\n\t\t<\/div>\n\t<\/div>\n\t<div class=\"col-md-6\">\n\t\t<div class=\"form-group\">\n\t\t\t<p><span class=\"wpcf7-form-control-wrap\" data-name=\"GvenlikSorusu\"><label><span class=\"wpcf7-quiz-label\">2x2=<\/span> <input size=\"40\" class=\"wpcf7-form-control wpcf7-quiz\" autocomplete=\"off\" aria-required=\"true\" aria-invalid=\"false\" type=\"text\" name=\"GvenlikSorusu\" \/><\/label><input type=\"hidden\" name=\"_wpcf7_quiz_answer_GvenlikSorusu\" value=\"fa73f7706d7399b4f91b751cde8455b5\" \/><\/span><br \/>\n<input class=\"wpcf7-form-control wpcf7-submit has-spinner btn btn-primary btn-lg\" type=\"submit\" value=\"Send\" \/>\n\t\t\t<\/p>\n\t\t<\/div>\n\t<\/div>\n<\/div><p style=\"display: none !important;\" class=\"akismet-fields-container\" data-prefix=\"_wpcf7_ak_\"><label>&#916;<textarea name=\"_wpcf7_ak_hp_textarea\" cols=\"45\" rows=\"8\" maxlength=\"100\"><\/textarea><\/label><input type=\"hidden\" id=\"ak_js_1\" name=\"_wpcf7_ak_js\" value=\"79\"\/><script>document.getElementById( \"ak_js_1\" ).setAttribute( \"value\", ( new Date() ).getTime() );<\/script><\/p><div class=\"wpcf7-response-output\" aria-hidden=\"true\"><\/div>\n<\/form>\n<\/div>\n[vc_empty_space][\/vc_column][\/vc_row][vc_row][vc_column][vc_custom_heading text=&#8221;<b>Testimonials<\/b>&#8221; use_theme_fonts=&#8221;yes&#8221; el_class=&#8221;shorter&#8221;][vc_empty_space height=&#8221;12px&#8221;]<div class=\"porto-testimonial wpb_content_element \"><div class=\"testimonial testimonial-style-4\"><blockquote><p>A great doctor, I have a panic attack, I had an angio with a very good moral support, thank you very much, good luck to them<\/p><\/blockquote><div class=\"testimonial-arrow-down\"><\/div><div class=\"testimonial-author\"><p><strong>ci...e<\/strong><span><\/span><\/p><\/div><\/div><\/div><div class=\"porto-testimonial wpb_content_element \"><div class=\"testimonial testimonial-style-4\"><blockquote><p>He is a doctor you can entrust your life to without blinking. Above all, his compassion and warm-blooded approach to patients shows how naive he is, once you get to know him, you will see how true my words are. May my Lord increase the number of such physicians, I hope they do not leave us behind \ud83d\ude4f<\/p><\/blockquote><div class=\"testimonial-arrow-down\"><\/div><div class=\"testimonial-author\"><p><strong>i.....p....<\/strong><span><\/span><\/p><\/div><\/div><\/div><div class=\"porto-testimonial wpb_content_element \"><div class=\"testimonial testimonial-style-4\"><blockquote><p>I am a patient of Omer Hodja. Due to the rhythm disorder in my heart, there was no place where I did not provide experience for 3 years. It has always been said that I will not be able to get up if I have an operation, that I have to continue with medication, etc. May Allah be pleased with him, I went to \u00d6mer Bey on the advice of an acquaintance and talked to him. May Allah be pleased with him a thousand times, may Allah grant all patients such a doctor, he is more than just a doctor, he is such a good person that he manages to talk to the patient and comfort him. It doesn&#8217;t matter day or night, he is a very, very good person besides being a doctor who listens to our problems with the same devotion and does his job very well whenever we call him. That&#8217;s why I recommend him to anyone who has this kind of problem. They took care of me in every way, thanks to them, they did everything to make me satisfied. I had two surgeries with him. In my first operation, the facts related to this rhythm pattern were corrected. He successfully performed my next operation 1 month later, may Allah be pleased with him a thousand times, I am always praying for him. I think patients with such problems should come directly to Mr. \u00d6mer, he is a truly excellent physician. I don&#8217;t know if there is a perfect doctor like him, I was very, very pleased with him.<\/p><\/blockquote><div class=\"testimonial-arrow-down\"><\/div><div class=\"testimonial-author\"><p><strong>g.....<\/strong><span><\/span><\/p><\/div><\/div><\/div><div class=\"porto-testimonial wpb_content_element \"><div class=\"testimonial testimonial-style-4\"><blockquote><p>Hello, I would like to share my doctor&#8217;s experience. I had an ablation operation by my dear doctor \u00d6mer on 27 December 2019. I am 29 years old. I had a rhythm disorder for 9 years. my doctor. A very calm, smiling, polite gentleman, there is no other choice, he said, take a day for ablation, he took me to his patient who had ablation, he was morale, I was thinking with a thousand questions and concerns in my head, it relieved me I&#8217;m glad I found the doctor on the internet, I&#8217;m glad you&#8217;re there, sir. I would like to thank everyone who contributed to the medicana hospital. Definitely do not be surprised by Mr. Omer.<\/p><\/blockquote><div class=\"testimonial-arrow-down\"><\/div><div class=\"testimonial-author\"><p><strong>y....z<\/strong><span><\/span><\/p><\/div><\/div><\/div><div class=\"porto-testimonial wpb_content_element \"><div class=\"testimonial testimonial-style-4\"><blockquote><p>\u00d6mer Uz is not only a very good, caring and reassuring doctor, but also a friendly, sincere, really good person. Good to know. I went to him for my routine check-ups, and I was met with the same dedication and interest as every time. God bless him. In our prayers.<\/p><\/blockquote><div class=\"testimonial-arrow-down\"><\/div><div class=\"testimonial-author\"><p><strong>kc...a<\/strong><span><\/span><\/p><\/div><\/div><\/div><div class=\"porto-testimonial wpb_content_element \"><div class=\"testimonial testimonial-style-4\"><blockquote><p>He is a very excellent doctor. Mr. \u00d6mer follows my everything very well. \u00d6mer adjusted my drug doses and followed me in every way. He called on the phone and was interested. Relating to. In no way can I repay Omer Bey&#8217;s right. I had my analysis done at a different hospital and sent it to Mr. \u00d6mer by e-mail and he directed me about which drugs to use. I&#8217;m fine now, thanks to Mr. \u00d6mer. He&#8217;s a very gentle doctor. I went to a different doctor, but he told me what \u00d6mer Bey said. May Allah be pleased with Mr. Omer. It has healed me. I suffered for 1.5 months, but Mr. \u00d6mer brought me back to myself.<\/p><\/blockquote><div class=\"testimonial-arrow-down\"><\/div><div class=\"testimonial-author\"><p><strong>n...<\/strong><span><\/span><\/p><\/div><\/div><\/div><div class=\"porto-testimonial wpb_content_element \"><div class=\"testimonial testimonial-style-4\"><blockquote><p>Omer is one of my doctors. A very valuable person, a valuable surgeon. People&#8217;s perspective is always good. He loves and respects his patient. I was satisfied with his behavior, his approach to people, his smiling face. I went to many hospitals before, they hospitalized me in the hospitals, they said nothing was wrong, and finally I applied to the military hospital. \u00d6mer Bey diagnosed me with my illness overnight. Angio was done. As a team, they decided to insert a battery after angiography. Then \u00d6mer doctor put my battery on and now I am healthy. God bless you, I&#8217;m living my life thanks to Mr. \u00d6mer.<\/p><\/blockquote><div class=\"testimonial-arrow-down\"><\/div><div class=\"testimonial-author\"><p><strong>i...<\/strong><span><\/span><\/p><\/div><\/div><\/div><div class=\"porto-testimonial wpb_content_element \"><div class=\"testimonial testimonial-style-4\"><blockquote><p>\u00d6mer Uz is an excellent doctor. He&#8217;s a better person than just a doctor. He answers my phone 24 hours. I send a message and he replies to my message. When a patient sees the doctor&#8217;s face, they need to trust the doctor. When I look at Omer&#8217;s face, I get this confidence. I&#8217;m a retired general. The chief physician of the hospital directed me to \u00d6mer Bey. Thanks to Omer doctor, I am fine. A part of my heart was not working. He treated it for 2 years and now the non-working part of my heart is working. He is truly a person worthy of all kinds of praise and trust.<\/p><\/blockquote><div class=\"testimonial-arrow-down\"><\/div><div class=\"testimonial-author\"><p><strong>n...<\/strong><span><\/span><\/p><\/div><\/div><\/div><div class=\"porto-testimonial wpb_content_element \"><div class=\"testimonial testimonial-style-4\"><blockquote><p>I am very satisfied with my doctor. like my son. He&#8217;s such an amazing person. You are very satisfied with your treatment. I had a rhythm disorder for a long time. I notice that he treats all patients with the same sensitivity as he takes care of me. He did the vein freezing procedure for me. However, the procedure was terminated because my veins were not suitable. I received medicine from abroad by Mr. \u00d6mer and the Ministry of Health. I am currently living on this drug. May Allah be pleased with our state and Mr. \u00d6mer. I&#8217;m comfortable right now.<\/p><\/blockquote><div class=\"testimonial-arrow-down\"><\/div><div class=\"testimonial-author\"><p><strong>h...<\/strong><span><\/span><\/p><\/div><\/div><\/div><div class=\"porto-testimonial wpb_content_element \"><div class=\"testimonial testimonial-style-4\"><blockquote><p>Mr. \u00d6mer is the doctor who changed my pacemaker and knows his job best with his medical identity. It can be called even 24 hours a day, and I can be reached when I call. Since I retired, I would have surgery in a state hospital. The third cable of the second pacemaker was to be inserted, there were hesitations. I had my previous doctor, who had a pacemaker, meet with Mr. \u00d6mer to explain the issue, and they named the problem. I would like to express my endless gratitude and thanks to my physician for this approach. A doctor friend that I still keep in my heart. I always see him as a doctor I can reach. I am a 78 year old retired colonel. I wish him success. I love it so much that he never called me, he always reached us.<\/p><\/blockquote><div class=\"testimonial-arrow-down\"><\/div><div class=\"testimonial-author\"><p><strong>t....<\/strong><span><\/span><\/p><\/div><\/div><\/div><div class=\"porto-testimonial wpb_content_element \"><div class=\"testimonial testimonial-style-4\"><blockquote><p>We would like to thank our dear doctor for his interest in my sister&#8217;s illness. May Allah not make us needy, but we recommend her to heart patients. We are always grateful to our doctor who answers us every time we call.<\/p><\/blockquote><div class=\"testimonial-arrow-down\"><\/div><div class=\"testimonial-author\"><p><strong>bi...r<\/strong><span><\/span><\/p><\/div><\/div><\/div><div class=\"porto-testimonial wpb_content_element \"><div class=\"testimonial testimonial-style-4\"><blockquote><p>He has earned our respect for life with his humanity and medicine. It is a rare kindness that he is competent, smiling, and most importantly, available 24\/7. Even if our dear doctor is out of work, even if he is out of work, it is a good thing that all of our doctors, \u00d6mer Bey, are interested in his mistakes even from a distance, with the coordination he provides. If only he could be purified from his ego like&#8230;<\/p><\/blockquote><div class=\"testimonial-arrow-down\"><\/div><div class=\"testimonial-author\"><p><strong>k...b...<\/strong><span><\/span><\/p><\/div><\/div><\/div><div class=\"porto-testimonial wpb_content_element \"><div class=\"testimonial testimonial-style-4\"><blockquote><p>I recently applied to our doctor, who specializes in heart rhythm disorders in the cardiology department of Gata Haydarpa\u015fa military hospital, with a complaint of ventricular premature beat. My doctor decided to perform catheter ablation after two drug experiences. Catheter ablation treatment was applied. It was very successful. My palpitations and fears disappeared. Experienced I would like to thank a doctor who will undertake very important works in the future with determination and success, on behalf of myself and my family.<\/p><\/blockquote><div class=\"testimonial-arrow-down\"><\/div><div class=\"testimonial-author\"><p><strong>\u00fcm...l<\/strong><span><\/span><\/p><\/div><\/div><\/div>[\/vc_column][\/vc_row]<\/p>\n","protected":false},"excerpt":{"rendered":"<p>[vc_row][vc_column][vc_custom_heading text=&#8221;Comment Us!&#8221; use_theme_fonts=&#8221;yes&#8221; el_class=&#8221;shorter&#8221;][vc_empty_space height=&#8221;12px&#8221;][vc_empty_space][\/vc_column][\/vc_row][vc_row][vc_column][vc_custom_heading text=&#8221;Testimonials&#8221; use_theme_fonts=&#8221;yes&#8221; el_class=&#8221;shorter&#8221;][vc_empty_space height=&#8221;12px&#8221;][\/vc_column][\/vc_row]<\/p>\n","protected":false},"author":1,"featured_media":0,"parent":0,"menu_order":0,"comment_status":"closed","ping_status":"closed","template":"","meta":{"_monsterinsights_skip_tracking":false,"_monsterinsights_sitenote_active":false,"_monsterinsights_sitenote_note":"","_monsterinsights_sitenote_category":0,"_joinchat":[],"footnotes":""},"class_list":["post-15","page","type-page","status-publish","hentry"],"aioseo_notices":[],"_links":{"self":[{"href":"https:\/\/omeruz.com\/eng\/wp-json\/wp\/v2\/pages\/15","targetHints":{"allow":["GET"]}}],"collection":[{"href":"https:\/\/omeruz.com\/eng\/wp-json\/wp\/v2\/pages"}],"about":[{"href":"https:\/\/omeruz.com\/eng\/wp-json\/wp\/v2\/types\/page"}],"author":[{"embeddable":true,"href":"https:\/\/omeruz.com\/eng\/wp-json\/wp\/v2\/users\/1"}],"replies":[{"embeddable":true,"href":"https:\/\/omeruz.com\/eng\/wp-json\/wp\/v2\/comments?post=15"}],"version-history":[{"count":0,"href":"https:\/\/omeruz.com\/eng\/wp-json\/wp\/v2\/pages\/15\/revisions"}],"wp:attachment":[{"href":"https:\/\/omeruz.com\/eng\/wp-json\/wp\/v2\/media?parent=15"}],"curies":[{"name":"wp","href":"https:\/\/api.w.org\/{rel}","templated":true}]}}